 a.
2, 3, 7
Suppose 5*g - 22720 = p, -56*p + 22690 = 5*g - 51*p. List the prime factors of g.
7, 11, 59
Let m(n) = -n + 8*n**2 - 2 - 8*n + n**3 - 2*n**3. Let s be m(7). Let w(y) = y**2 + 13*y + 1. List the prime factors of w(s).
7
List the prime factors of (0 + 6 + -10 - -5)*61879.
61879
Suppose -5*m + 20 = -675. Suppose -m - 121 = -5*p. What are the prime factors of p?
2, 13
Suppose -5*u = -2570 + 605. Let i = 123 + u. Suppose -m - 3*m = -i. List the prime factors of m.
3, 43
Suppose 220932 = 199*l - 190*l. What are the prime factors of l?
2, 17, 19
Let f(p) = -3*p - 7. Let n be f(-3). Let o(g) = 217*g**2 + 2*g. What are the prime factors of o(n)?
2, 109
Let n(v) = -9*v + 8. Let x be n(3). Let u(l) = l**3 + 18*l**2 - 25*l + 20. List the prime factors of u(x).
2, 67
Let a be 4/(-6)*(-12762)/4. Suppose 0 = 3*g + 3*u + 6417, -g + 2*u = -0*g + a. List the prime factors of g/(-65) - 4/(-26).
3, 11
What are the prime factors of (-223)/2*(26 + -370)?
2, 43, 223
Suppose 3*z = 3*d - 15618, 3*d - 4*z - 10086 - 5536 = 0. List the prime factors of d.
2, 3, 17
What are the prime factors of (-37)/(111/(-48)) - -27593?
3, 9203
Let s(c) = -2171*c + 85. What are the prime factors of s(-23)?
2, 89, 281
Suppose 3*z - 6*z + 1761 = 0. Let n = 974 - z. List the prime factors of n.
3, 43
Let j(u) = u**3 + 23*u**2 + 21*u - 20. Let f be j(-22). Suppose 5*m + 2*b + 20316 = 0, f*b = -4*m - b - 16250. What are the prime factors of (-4)/6 + m/(-48)?
2, 3, 7
Let o = -73 + 83. Suppose -3*c - o = -2*j - 6*c, -5*j = -2*c + 13. List the prime factors of (-68)/(-4)*(0/j - -8).
2, 17
Let v(x) = -x**3 - 9*x**2 - 8*x + 3. Let i be v(-8). Let r be 1/i - (-22)/6. Suppose 0 = 3*h - r*u - 358, 4*h = 4*u + 170 + 302. List the prime factors of h.
2, 3, 19
What are the prime factors of (-324 + 208)/((-8)/2390)?
5, 29, 239
Let m be 0*(0 - 3 - (-2 + 0)). List the prime factors of 575 - (m + -4 - -5)/1.
2, 7, 41
Let x(u) = -7*u**2 - 34*u + 8. Let i(o) = -6*o**2 - 35*o + 8. Let m(b) = -5*i(b) + 4*x(b). What are the prime factors of m(6)?
2, 149
Suppose -22 = -2*y + 4*u, -5*y + y + 17 = u. Let h(k) = y*k**2 + 0*k + 7*k**3 + 3 + 5*k - 3*k**2 - 6*k. List the prime factors of h(2).
5, 13
Suppose -8*g = 5*g + 65. Let q be 1 - ((-462)/g - (-21)/35). Let s = q + 228. What are the prime factors of s?
2, 17
Suppose -4*j - 5 - 1 = k, -3*k - 3*j = 0. Suppose q - 5*g = 1165, -k*g = 3*q - 0*g - 3410. What are the prime factors of q?
2, 3, 5, 19
Let t(j) = 2348*j + 506. What are the prime factors of t(3)?
2, 5, 151
Let a(f) = 8325*f**3 - f**2 - f + 1. What are the prime factors of a(1)?
2, 2081
Let k(u) = 286*u - 151. Suppose 0 = 2*c - 2, 2*c + 29 = 5*g + c. What are the prime factors of k(g)?
5, 313
Let f be (-126238)/(-21) - (-12)/18. Suppose 916*v - 912*v = f. What are the prime factors of v?
3, 167
Let x(b) = 28*b**2 + 290*b - 17. List the prime factors of x(24).
23071
What are the prime factors of 2972460/2140*(10/3 - 1/(-3))?
11, 463
Suppose 46*v = 51*v + 40. What are the prime factors of ((-3124)/v)/((-4)/40*-5)?
11, 71
Suppose -2*n + 1048 = 2*h, 0 = -8*n + 7*n - 3*h + 522. What are the prime factors of n?
3, 5, 7
Let x(h) = -h**3 + 9*h**2 + h. Let w be x(9). Suppose -74 = -8*l + w*l. What are the prime factors of (0 - 0) + (-3 - l)?
71
What are the prime factors of 397*16/24*69 + -6 + 0?
2, 7, 163
Suppose -70 - 70 = -7*o. List the prime factors of o + 3*8/(-8).
17
Let o = 40 - 37. Suppose -k - 61 - 802 = -5*j, 5*k = -o*j + 529. List the prime factors of j.
173
Let y(d) = -d**2 + 6*d + 62. Let r be y(11). Suppose 11*p - 7160 = r*p. What are the prime factors of p?
2, 5, 179
List the prime factors of (1209/3)/(((-75)/(-10))/15).
2, 13, 31
Suppose -8*y - c = -7*y + 2043, -c + 10245 = -5*y. Let a = y + 3052. What are the prime factors of a?
2, 251
Let f be 1 + (-22928)/(-22) - 2/11. Suppose -4*z + 5*k = 8*k - f, -z = -k - 266. List the prime factors of z.
263
Let n be ((-2)/5)/((-6)/(-60)). Let p be 51*((-40)/6)/n - -2. Suppose -189 = -6*a + p. What are the prime factors of a?
2, 23
Suppose 59956 = 3*m - 5*o, 5*o + 76326 = 4*m - 3622. What are the prime factors of m?
2, 3, 7, 17
Suppose -5*h - 22 = c, 0*h + 7 = 4*c + h. Suppose d - 4 = -5*y, -2*d - c*y + 1 = -7. Suppose a + d*a - 570 = 0. What are the prime factors of a?
2, 3, 19
Let a = -995 - -7157. What are the prime factors of a?
2, 3, 13, 79
Let x = -946 - -4752. List the prime factors of x.
2, 11, 173
Let i(h) = -695*h + 3261. List the prime factors of i(-21).
2, 3, 31
Let h be 0 + -246 - (1 - 1). Let x be h/(-78) + (-2)/13. Suppose t - 76 = -x*t. List the prime factors of t.
19
Let k = -1376 + 1946. Let r = 1809 + k. Suppose 12*q - 309 = r. What are the prime factors of q?
2, 7
Suppose -w = 2*k - 2968, 3*w - 15 = -9. List the prime factors of k.
1483
Suppose 0 = 5*q + 10*v - 5*v - 50, -q - 6 = -3*v. Let u be (4/(-1) + q)/1. Suppose u*k = 99 - 1. List the prime factors of k.
7
Let q(y) = -y**2 + y - 170. Let i(m) = -2*m**3 + 15*m**2 + 9*m - 8. Let t be i(8). Let r be q(t). Let b = r - -268. List the prime factors of b.
2, 7
Let l = 24533 + 15503. List the prime factors of l.
2, 10009
Let s(l) = 2598*l + 2076. List the prime factors of s(10).
2, 3, 7, 167
Suppose 0 = q - 999*p + 995*p - 16558, 5*p = q - 16564. List the prime factors of q.
2, 7, 1181
Let n = 405 + -233. Let a = 269 + n. What are the prime factors of a?
3, 7
Suppose 0 = -2*c + 4*m + 198, 0 = 3*c + 3*m + 30 - 318. Suppose 0 = 4*v - t + c, 2*v - 17 = 3*t - 68. Let p = 60 + v. List the prime factors of p.
2, 3
Let f(b) = 2105*b + 599. List the prime factors of f(4).
29, 311
Suppose 5*d - 5*k = 30, -3*k - 2*k = 3*d + 6. What are the prime factors of 199 + -1 - (d - 1 - 7)?
7, 29
Let p = -597 + 858. Suppose -k - 1096 = -5*v, 5*k + 599 + p = 4*v. What are the prime factors of v?
2, 5, 11
What are the prime factors of (261/36)/((11/1328)/11)?
2, 29, 83
Suppose -230 = -2*b + 174. Suppose -d = 3*l - 297, -10*l + 2*d = -12*l + b. What are the prime factors of l?
2, 7
Suppose 5*s - 35 = -c, -4*s = -9*s - 2*c + 30. Let l be (s + -2)/2 - -2. Suppose -4*z - b + 348 = 0, l*z - z - 348 = 2*b. List the prime factors of z.
3, 29
Suppose 0 = j - 19 - 23. Let w be 1328/(-3) + j/63. Let a = w + 696. What are the prime factors of a?
2, 127
Let v = 8312 - 5300. List the prime factors of v.
2, 3, 251
Let u = -243 + 696. Let j = u - -79. List the prime factors of j.
2, 7, 19
Let a = 80 + 11108. List the prime factors of a.
2, 2797
Let d = -2283 + 7240. What are the prime factors of d?
4957
Let k(i) = i**2 - 5*i - 5. Suppose q + 4*q = 4*o + 64, 2*o + 26 = 2*q. Let n = q - 3. What are the prime factors of k(n)?
31
Let s = -346 - -348. Suppose -s*j + 3*r - 2087 = -6*j, -4*r + 512 = j. List the prime factors of j.
2, 131
Let k(f) = f**3 - 8*f**2 + 11*f - 28. Let s be k(7). Suppose -3*x - 169 = -a + 1363, -a - 4*x + 1497 = s. What are the prime factors of a?
37, 41
Suppose 0 = 4*z - 4*c - 928, 0 = -4*z + z - c + 680. Let l be 4/14 - z/(-84). Suppose l*m = 12 + 15. List the prime factors of m.
3
Let i(n) = -2*n + 45. Let a be i(18). Suppose a*q = -14*q + 16330. What are the prime factors of q?
2, 5, 71
Let w(j) = -256*j**3 - 43*j - 302. List the prime factors of w(-5).
7, 47, 97
Let k(x) = 7*x. Let p be k(-1). Let a(g) = g - 3. Let m(c) = -12*c + 34. Let l(w) = 2*a(w) + m(w). List the prime factors of l(p).
2, 7
Let n(r) = 0*r - r + 3*r**2 - 3 - 2*r. Let a(l) = l**3 - 27*l**2 + 26*l - 3. Let p be a(26). List the prime factors of n(p).
3, 11
Let z(x) = -x**2 - 35*x + 44. Suppose 136 = -371*i + 367*i. What are the prime factors of z(i)?
2, 3, 13
Let u(t) = t**3 + 6*t**2 - t - 8. Let a be u(-4). Suppose -a*v = -23680 + 6320. What are the prime factors of v?
2, 5, 31
Suppose 36 = r - g + 6*g, 2*r - 72 = -g. Suppose -r*y + 41677 - 13201 = 0. What are the prime factors of y?
7, 113
Suppose -1 = r, 0 = -3*y - r - r + 124. Let m = -106 + 109. Suppose 5*a - 25 = 0, -2*i + 301 = m*a + y. What are the prime factors of i?
2, 61
Let q be -1 + -1 - (-3 + 2). Let n = -711 - -1141. What are the prime factors of n/16 + q/(-8)?
3
Suppose t + 4*w = 658, -5*w - 2194 = -5*t + 1046. Let k = t - -433. List the prime factors of k.
3, 19
Suppose 34*c = -3*m + 35*c - 168, c = 4*m + 224. List the prime factors of 7881/12 + 7/(m/6).
